{"id":6490,"date":"2025-04-25T13:37:22","date_gmt":"2025-04-25T10:37:22","guid":{"rendered":"https:\/\/kartallaverkosto.fi\/?post_type=tapahtuma&#038;p=6490"},"modified":"2025-04-25T13:37:22","modified_gmt":"2025-04-25T10:37:22","slug":"ajankohtaista-amkessa-kestava-tulevaisuus-rakennetaan-yhdessa","status":"publish","type":"tapahtuma","link":"https:\/\/kartallaverkosto.fi\/en\/tapahtuma\/ajankohtaista-amkessa-kestava-tulevaisuus-rakennetaan-yhdessa\/","title":{"rendered":"Ajankohtaista AMKEssa: Kest\u00e4v\u00e4 tulevaisuus rakennetaan yhdess\u00e4"},"featured_media":0,"template":"","meta":{"_acf_changed":false},"tapahtuman-jarjestaja":[222],"class_list":["post-6490","tapahtuma","type-tapahtuma","status-publish","hentry","tapahtuman-jarjestaja-muu"],"acf":[],"aioseo_notices":[],"_links":{"self":[{"href":"https:\/\/kartallaverkosto.fi\/en\/wp-json\/wp\/v2\/tapahtuma\/6490","targetHints":{"allow":["GET"]}}],"collection":[{"href":"https:\/\/kartallaverkosto.fi\/en\/wp-json\/wp\/v2\/tapahtuma"}],"about":[{"href":"https:\/\/kartallaverkosto.fi\/en\/wp-json\/wp\/v2\/types\/tapahtuma"}],"wp:attachment":[{"href":"https:\/\/kartallaverkosto.fi\/en\/wp-json\/wp\/v2\/media?parent=6490"}],"wp:term":[{"taxonomy":"tapahtuman-jarjestaja","embeddable":true,"href":"https:\/\/kartallaverkosto.fi\/en\/wp-json\/wp\/v2\/tapahtuman-jarjestaja?post=6490"}],"curies":[{"name":"wp","href":"https:\/\/api.w.org\/{rel}","templated":true}]}}

Ajankohtaista AMKEssa: Kestävä tulevaisuus rakennetaan yhdessä
