{"id":6732,"date":"2025-08-27T12:26:02","date_gmt":"2025-08-27T09:26:02","guid":{"rendered":"https:\/\/kartallaverkosto.fi\/?post_type=tapahtuma&#038;p=6732"},"modified":"2025-08-27T12:26:02","modified_gmt":"2025-08-27T09:26:02","slug":"kestavan-tulevaisuuden-oppilaitoskiinteistot","status":"publish","type":"tapahtuma","link":"https:\/\/kartallaverkosto.fi\/en\/tapahtuma\/kestavan-tulevaisuuden-oppilaitoskiinteistot\/","title":{"rendered":"Kest\u00e4v\u00e4n tulevaisuuden oppilaitoskiinteist\u00f6t"},"featured_media":5351,"template":"","meta":{"_acf_changed":false},"tapahtuman-jarjestaja":[221],"class_list":["post-6732","tapahtuma","type-tapahtuma","status-publish","has-post-thumbnail","hentry","tapahtuman-jarjestaja-kartalla-pa-kartan"],"acf":[],"aioseo_notices":[],"_links":{"self":[{"href":"https:\/\/kartallaverkosto.fi\/en\/wp-json\/wp\/v2\/tapahtuma\/6732","targetHints":{"allow":["GET"]}}],"collection":[{"href":"https:\/\/kartallaverkosto.fi\/en\/wp-json\/wp\/v2\/tapahtuma"}],"about":[{"href":"https:\/\/kartallaverkosto.fi\/en\/wp-json\/wp\/v2\/types\/tapahtuma"}],"wp:featuredmedia":[{"embeddable":true,"href":"https:\/\/kartallaverkosto.fi\/en\/wp-json\/wp\/v2\/media\/5351"}],"wp:attachment":[{"href":"https:\/\/kartallaverkosto.fi\/en\/wp-json\/wp\/v2\/media?parent=6732"}],"wp:term":[{"taxonomy":"tapahtuman-jarjestaja","embeddable":true,"href":"https:\/\/kartallaverkosto.fi\/en\/wp-json\/wp\/v2\/tapahtuman-jarjestaja?post=6732"}],"curies":[{"name":"wp","href":"https:\/\/api.w.org\/{rel}","templated":true}]}}

Kestävän tulevaisuuden oppilaitoskiinteistöt
