{"id":5357,"date":"2024-06-13T09:08:04","date_gmt":"2024-06-13T06:08:04","guid":{"rendered":"https:\/\/kartallaverkosto.fi\/?page_id=5357"},"modified":"2024-11-11T14:31:56","modified_gmt":"2024-11-11T12:31:56","slug":"stod-for-undervisningen","status":"publish","type":"page","link":"https:\/\/kartallaverkosto.fi\/sv\/utforska-fardplanen\/stod-for-undervisningen\/","title":{"rendered":"St\u00f6d f\u00f6r undervisningen"},"content":{"rendered":"\n<h1 class=\"wp-block-heading has-text-align-center\">St\u00f6d f\u00f6r undervisningen<\/h1>\n\n\n\n<div class=\"wp-block-columns is-style-narrow is-layout-flex wp-container-core-columns-is-layout-9d6595d7 wp-block-columns-is-layout-flex\">\n<div class=\"wp-block-column is-layout-flow wp-block-column-is-layout-flow\">\n<p class=\"has-medium-font-size\">Yrkesutbildningen och dess praktiska inriktning erbjuder en unik milj\u00f6 f\u00f6r att till\u00e4mpa funktionell, problemorienterad och l\u00f6sningsfokuserad pedagogik i undervisningen. Den gr\u00f6na omst\u00e4llningen skapar m\u00e5nga nya typer av jobb, vilket kr\u00e4ver ny kompetens fr\u00e5n arbetskraften.<\/p>\n\n\n\n<p>Yrkesutbildningen har ocks\u00e5 en stark bildningsuppgift. Under studietiden utvecklas de ungas tillv\u00e4xt, yrkesidentitet och m\u00e4nniskosyn som en del av sin gemenskap och samh\u00e4llet. Undervisningen m\u00f6ter f\u00f6rv\u00e4ntningar och f\u00e4rdiga verktyg finns inte alltid till hands. F\u00e4rdplanen erbjuder ett brett utbud av metoder f\u00f6r att st\u00f6dja undervisningen, inklusive hur man kan hantera studenternas k\u00e4nslor kring klimatf\u00f6r\u00e4ndringen, inspirerande och modiga tillv\u00e4gag\u00e5ngss\u00e4tt f\u00f6r kompetensbaserad pedagogik och hur man kan hj\u00e4lpa dem att hitta sitt eget handlingsutrymme. F\u00e4rdplanen ger ocks\u00e5 insikter till den gr\u00f6na omst\u00e4llningen inom deras bransch.<\/p>\n<\/div>\n<\/div>\n\n\n<div class=\"wp-block-image\">\n<figure class=\"aligncenter size-large is-resized\"><img loading=\"lazy\" decoding=\"async\" width=\"1024\" height=\"637\" src=\"https:\/\/kartallaverkosto.fi\/wp-content\/uploads\/2024\/11\/vaski-kuvitukset-12-1-1024x637.png\" alt=\"\" class=\"wp-image-5358\" style=\"width:958px;height:auto\" srcset=\"https:\/\/kartallaverkosto.fi\/wp-content\/uploads\/2024\/11\/vaski-kuvitukset-12-1-1024x637.png 1024w, https:\/\/kartallaverkosto.fi\/wp-content\/uploads\/2024\/11\/vaski-kuvitukset-12-1-300x187.png 300w, https:\/\/kartallaverkosto.fi\/wp-content\/uploads\/2024\/11\/vaski-kuvitukset-12-1-768x478.png 768w, https:\/\/kartallaverkosto.fi\/wp-content\/uploads\/2024\/11\/vaski-kuvitukset-12-1-1536x956.png 1536w, https:\/\/kartallaverkosto.fi\/wp-content\/uploads\/2024\/11\/vaski-kuvitukset-12-1-2048x1274.png 2048w\" sizes=\"auto, (max-width: 1024px) 100vw, 1024px\" \/><\/figure>\n<\/div>\n\n\n<div class=\"wp-block-columns is-style-narrow is-layout-flex wp-container-core-columns-is-layout-9d6595d7 wp-block-columns-is-layout-flex\">\n<div class=\"wp-block-column is-layout-flow wp-block-column-is-layout-flow\">\n<p>Hur ser ett koldioxidneutralt och r\u00e4ttvist samh\u00e4lle ut? Logga in p\u00e5 n\u00e4tverkets medlemssida och f\u00e5 tillg\u00e5ng till material, verktyg och hela n\u00e4tverkets st\u00f6d f\u00f6r ditt h\u00e5llbarhetsarbete. Vi har samlat enkla l\u00f6sningar f\u00f6r att st\u00f6dja din undervisning fr\u00e5n b\u00f6rjan, och utmanar dig att till\u00e4mpa ny pedagogik och samarbeta inom n\u00e4tverket.<em><\/em><\/p>\n\n\n\n<p>Utforska evenemang och tillf\u00e4llen d\u00e4r du kan f\u00e5 hj\u00e4lp med att utveckla undervisningen och bygga v\u00e4gar mot h\u00e5llbar verksamhet!<\/p>\n\n\n\n<div class=\"wp-block-columns is-style-narrow is-layout-flex wp-container-core-columns-is-layout-9d6595d7 wp-block-columns-is-layout-flex\">\n<div class=\"wp-block-column is-layout-flow wp-block-column-is-layout-flow\"><div class=\"scrolling-numbers\">\r\n    \r\n        <h2>\r\n\r\n            \r\n                <span class=\"scrlnumber \">47<\/span>\r\n\r\n                    <\/h2>\r\n        <p>procent av de utbildningsinstitutioner som har genomf\u00f6rt sj\u00e4lvutv\u00e4rderingen fram till 7\/2024 har pedagogiska riktlinjer som definierar hur h\u00e5llbarhetskompetensen ska utvecklas.<\/p>\r\n\r\n    <\/div><\/div>\n\n\n\n<div class=\"wp-block-column is-layout-flow wp-block-column-is-layout-flow\"><\/div>\n<\/div>\n<\/div>\n<\/div>\n","protected":false},"excerpt":{"rendered":"<p>St\u00f6d f\u00f6r undervisningen Yrkesutbildningen och dess praktiska inriktning erbjuder en unik milj\u00f6 f\u00f6r att till\u00e4mpa funktionell, problemorienterad och l\u00f6sningsfokuserad pedagogik i undervisningen. Den gr\u00f6na omst\u00e4llningen skapar m\u00e5nga nya typer av jobb, vilket kr\u00e4ver ny kompetens fr\u00e5n arbetskraften. Yrkesutbildningen har ocks\u00e5 en stark bildningsuppgift. Under studietiden utvecklas de ungas tillv\u00e4xt, yrkesidentitet och m\u00e4nniskosyn som en del [&hellip;]<\/p>\n","protected":false},"author":1,"featured_media":0,"parent":5331,"menu_order":5,"comment_status":"closed","ping_status":"closed","template":"page-no-title.php","meta":{"_acf_changed":false,"footnotes":""},"class_list":["post-5357","page","type-page","status-publish","hentry"],"acf":[],"aioseo_notices":[],"_links":{"self":[{"href":"https:\/\/kartallaverkosto.fi\/sv\/wp-json\/wp\/v2\/pages\/5357","targetHints":{"allow":["GET"]}}],"collection":[{"href":"https:\/\/kartallaverkosto.fi\/sv\/wp-json\/wp\/v2\/pages"}],"about":[{"href":"https:\/\/kartallaverkosto.fi\/sv\/wp-json\/wp\/v2\/types\/page"}],"author":[{"embeddable":true,"href":"https:\/\/kartallaverkosto.fi\/sv\/wp-json\/wp\/v2\/users\/1"}],"replies":[{"embeddable":true,"href":"https:\/\/kartallaverkosto.fi\/sv\/wp-json\/wp\/v2\/comments?post=5357"}],"version-history":[{"count":1,"href":"https:\/\/kartallaverkosto.fi\/sv\/wp-json\/wp\/v2\/pages\/5357\/revisions"}],"predecessor-version":[{"id":5360,"href":"https:\/\/kartallaverkosto.fi\/sv\/wp-json\/wp\/v2\/pages\/5357\/revisions\/5360"}],"up":[{"embeddable":true,"href":"https:\/\/kartallaverkosto.fi\/sv\/wp-json\/wp\/v2\/pages\/5331"}],"wp:attachment":[{"href":"https:\/\/kartallaverkosto.fi\/sv\/wp-json\/wp\/v2\/media?parent=5357"}],"curies":[{"name":"wp","href":"https:\/\/api.w.org\/{rel}","templated":true}]}}

Stöd för undervisningen

<h1 class="wp-block-heading has-text-align-center">Stöd för undervisningen</h1>



<div class="wp-block-columns is-style-narrow is-layout-flex wp-container-core-columns-is-layout-9d6595d7 wp-block-columns-is-layout-flex">
<div class="wp-block-column is-layout-flow wp-block-column-is-layout-flow">
<p class="has-medium-font-size">Yrkesutbildningen och dess praktiska inriktning erbjuder en unik miljö för att tillämpa funktionell, problemorienterad och lösningsfokuserad pedagogik i undervisningen. Den gröna omställningen skapar många nya typer av jobb, vilket kräver ny kompetens från arbetskraften.</p>



<p>Yrkesutbildningen har också en stark bildningsuppgift. Under studietiden utvecklas de ungas tillväxt, yrkesidentitet och människosyn som en del av sin gemenskap och samhället. Undervisningen möter förväntningar och färdiga verktyg finns inte alltid till hands. Färdplanen erbjuder ett brett utbud av metoder för att stödja undervisningen, inklusive hur man kan hantera studenternas känslor kring klimatförändringen, inspirerande och modiga tillvägagångssätt för kompetensbaserad pedagogik och hur man kan hjälpa dem att hitta sitt eget handlingsutrymme. Färdplanen ger också insikter till den gröna omställningen inom deras bransch.</p>
</div>
</div>


<div class="wp-block-image">
<figure class="aligncenter size-large is-resized"><img loading="lazy" decoding="async" width="1024" height="637" src="https://kartallaverkosto.fi/wp-content/uploads/2024/11/vaski-kuvitukset-12-1-1024x637.png" alt="" class="wp-image-5358" style="width:958px;height:auto" srcset="https://kartallaverkosto.fi/wp-content/uploads/2024/11/vaski-kuvitukset-12-1-1024x637.png 1024w, https://kartallaverkosto.fi/wp-content/uploads/2024/11/vaski-kuvitukset-12-1-300x187.png 300w, https://kartallaverkosto.fi/wp-content/uploads/2024/11/vaski-kuvitukset-12-1-768x478.png 768w, https://kartallaverkosto.fi/wp-content/uploads/2024/11/vaski-kuvitukset-12-1-1536x956.png 1536w, https://kartallaverkosto.fi/wp-content/uploads/2024/11/vaski-kuvitukset-12-1-2048x1274.png 2048w" sizes="auto, (max-width: 1024px) 100vw, 1024px" /></figure>
</div>


<div class="wp-block-columns is-style-narrow is-layout-flex wp-container-core-columns-is-layout-9d6595d7 wp-block-columns-is-layout-flex">
<div class="wp-block-column is-layout-flow wp-block-column-is-layout-flow">
<p>Hur ser ett koldioxidneutralt och rättvist samhälle ut? Logga in på nätverkets medlemssida och få tillgång till material, verktyg och hela nätverkets stöd för ditt hållbarhetsarbete. Vi har samlat enkla lösningar för att stödja din undervisning från början, och utmanar dig att tillämpa ny pedagogik och samarbeta inom nätverket.<em></em></p>



<p>Utforska evenemang och tillfällen där du kan få hjälp med att utveckla undervisningen och bygga vägar mot hållbar verksamhet!</p>



<div class="wp-block-columns is-style-narrow is-layout-flex wp-container-core-columns-is-layout-9d6595d7 wp-block-columns-is-layout-flex">
<div class="wp-block-column is-layout-flow wp-block-column-is-layout-flow"><div class="scrolling-numbers">
    
        <h2>

            
                <span class="scrlnumber ">47</span>

                    </h2>
        <p>procent av de utbildningsinstitutioner som har genomfört självutvärderingen fram till 7/2024 har pedagogiska riktlinjer som definierar hur hållbarhetskompetensen ska utvecklas.</p>

    </div></div>



<div class="wp-block-column is-layout-flow wp-block-column-is-layout-flow"></div>
</div>
</div>
</div>

<p>Stöd för undervisningen Yrkesutbildningen och dess praktiska inriktning erbjuder en unik miljö för att tillämpa funktionell, problemorienterad och lösningsfokuserad pedagogik i undervisningen. Den gröna omställningen skapar många nya typer av jobb, vilket kräver ny kompetens från arbetskraften. Yrkesutbildningen har också en stark bildningsuppgift. Under studietiden utvecklas de ungas tillväxt, yrkesidentitet och människosyn som en del [&hellip;]</p>
